1*w**2 - 20 - 73*w**2 + 47*w + 9 + 13*w. What is m(30)?
-1
Suppose 14 = 4*o - 2. Suppose -3*t + s - 4 = 0, o*t + 11 + 26 = -5*s. Let z be (-4 - -1)*t/9. Let g(n) = 26*n**2 - 2*n + 1. Calculate g(z).
25
Let g(z) be the second derivative of -z**4/12 + 3*z**3/2 - z**2/2 - z. Let a be 285/190*((-145)/(-15) - 5). Give g(a).
13
Suppose 527 - 1427 = -25*a. Let k(l) = -l - 9 + 48 - a - l**2. Let x be -1*(-2 + -2 + 4). What is k(x)?
3
Let y(f) = 6*f + 6. Suppose -j = -3*t - 2, -5*j - 22*t + 28 = -19*t. What is y(j)?
36
Let j(t) = t**2 + 5*t - 2. Let g = -1774 - -1780. Give j(g).
64
Let d(o) = -13*o - 15. Let l be (-2 - -14)/(22 + -20)*1/(-1). What is d(l)?
63
Let n(s) = s - 14. Let o be n(6). Let x be (-3)/21 + 114*1/14. Let l(p) = 2*p - 2 + 8*p + x + p**2 - 2*p. Give l(o).
6
Suppose -15*l + 194 = 14. Suppose 0 = -170*a + 168*a + l. Let o(r) = r**2 + r - 1. Let x(n) = -2*n**2 - 7*n + 1. Let i(h) = 3*o(h) + x(h). Give i(a).
10
Let w(i) = 3*i**3 + 2*i**2 + 5*i + 15. Let h(u) = 16*u**3 + 11*u**2 + 25*u + 81. Let t(a) = 2*h(a) - 11*w(a). Give t(-2).
15
Let r(q) be the second derivative of -q**3/6 - 2*q**2 + 951*q + 1. Let x = -3 + -1. Let s(i) = 1. Let p(k) = x*s(k) - r(k). What is p(-6)?
-6
Let y(k) be the third derivative of -91*k**4/24 + 3*k**3/2 + 3*k**2 + 121*k + 6. What is y(1)?
-82
Let r(j) = j + 6. Let p be 1 - 78 - (0 + -2). Let d = 70 + p. Calculate r(d).
1
Let n(s) be the first derivative of s**4/4 - 13*s**3/3 + 11*s**2/2 + 18*s - 87. Let m be n(12). Let c(v) = v**2 - 5*v - 8. Give c(m).
-2
Let y(l) = -4 - l + 7 - 3*l + 5*l + l. Suppose 4*r = 5*u, -5*r - 5*u - 13 = 32. Let j be 27/r + 2/5. Give y(j).
-7
Let y(c) be the first derivative of -c**3/3 + 2*c**2 + 25*c + 5034. Give y(0).
25
Let l(o) = 4*o + 9. Suppose -5 = -2*u - 4*q - 67, 4*u = 5*q - 59. Let h be (-2)/(-7) - (-195)/u. Calculate l(h).
-27
Let p(h) = 5*h + 9. Let k(c) = 4*c + 8. Let q = 1 - 4. Let y(b) = b - 10. Let d be y(14). Let r(l) = d*k(l) + q*p(l). Calculate r(-5).
0
Let s(p) be the first derivative of 5 + 15*p + 0*p**2 - 1/3*p**3. Give s(0).
15
Suppose 3*a + 262 = -y, -5*a = 13*y - 11*y + 520. Let d = 259 + y. Let x(s) = s**3 - 10*s**2 + 12*s - 6. Give x(d).
21
Let h(m) be the first derivative of m**3/3 + 5*m**2/2 - 2603. Suppose -f - 18 = -83. Let z be 2/(-3) - f/15. Calculate h(z).
0
Let c be 2*(-2)/(-4)*(-22 + 19). Let m(j) = j**2 - 1. Let n(b) = -10*b**2 - 2*b + 8. Let x(f) = -8*m(f) - n(f). What is x(c)?
12
Let g(o) = -3*o**2 - 10*o + 4. Let n(t) = t**2 - 3*t + 4. Let q(a) = -g(a) - 5*n(a). What is q(12)?
-12
Let o(a) be the third derivative of a**6/720 + a**5/30 + a**4/24 + 14*a**3/3 + 2*a**2 + 14. Let u(s) be the second derivative of o(s). Determine u(-3).
1
Let s(y) = -15*y**3 - 3*y**2 + 9*y + 8. Let o(l) = 8*l**3 + 2*l**2 - 5*l - 5. Let a = 19 + -14. Let u(h) = a*o(h) + 3*s(h). Calculate u(2).
-33
Let q be 112/(-140)*(-10)/4. Suppose -3*b = 0, 0 = -2*u + 4*b + b + 4. Let o(l) = -u*l**2 + 7*l**q + 8 - 8. Determine o(-2).
20
Let v(a) = a - 4. Let z = -14 + 18. Suppose -20 = -z*h - 2*b, -17 = -3*h + b + 8. Let m(n) = -2*n**2 + 13*n + 7. Let d be m(h). What is v(d)?
-4
Let h(j) = -30*j**3 - j**2 + 2*j - 1. Let c(t) = -16*t - 543. Let y be c(-34). Determine h(y).
-30
Let d = -2712 + 2720. Let y(b) = -b**3 + 7*b**2 + 6*b + 6. Calculate y(d).
-10
Let o(a) = 5*a + 1560 - 3006 + 1533 + 0*a + 2*a. Give o(-13).
-4
Let h(c) = -17*c - 15. Let d be h(-1). Let g(m) = -2*m**2 - 5*m**3 - 19 + 20 + 4*m**3 + d*m. Let q(u) = -u + 15. Let t be q(13). Give g(t).
-11
Let c(w) = -2*w**2 + 79*w + 32. Let p = -3181 - -3221. Give c(p).
-8
Let k(u) = -6*u**3 - u. Suppose 0 = -778*p + 776*p - 750. Let n = -376 - p. Give k(n).
7
Let p(w) = -w**2 + 13*w. Let x(f) = -2*f**2 + 5*f - 43. Let r(m) = -m**2 + 3*m - 21. Let q(b) = -5*r(b) + 2*x(b). Let c be q(3). What is p(c)?
0
Let b(q) = -q**2 - q. Let z(a) = 4*a**2 + 9*a - 2. Let u(i) = 5*b(i) + z(i). Let o = -160 - -165. Determine u(o).
-7
Let a(l) = -2*l - 1. Suppose 85*x - 122 = -135*x + 538. Determine a(x).
-7
Let o be (27/36)/(-1*2/(-8)). Let k(t) be the second derivative of -t**3/3 - 3*t**2/2 - 25*t. Calculate k(o).
-9
Let n(w) be the first derivative of -w**3/3 - 17*w**2 + 21*w - 672. Calculate n(-32).
85
Let b(o) = o**3 + 2*o**2 - 2*o + 4. Suppose 7*d - 184 = 82. Suppose d*g = 42*g - 32. Suppose -5*l = g + 12. What is b(l)?
-20
Let g(d) be the second derivative of d**5/120 + 7*d**4/24 - 22*d**3/3 + 57*d. Let x(k) be the second derivative of g(k). Give x(-5).
2
Let y(p) = 31*p - 2208. Let m be y(71). Let c(l) = -l**2 - 12*l - 70. What is c(m)?
-35
Let x be 2*4/8*-5*5. Let l(c) = -4*c - 90. Let u be l(x). Let d(g) = g**3 - 10*g**2 - g + 11. Give d(u).
1
Let u = 675 - 670. Let x(h) = 0*h - 2 + 2 - 1 + 3*h. Calculate x(u).
14
Let j be 2*21255/(-104)*8/(-6). Suppose -16 = -541*u + j*u. Let d(n) be the third derivative of n**4/12 + n**3 - n**2. Calculate d(u).
-2
Let g(r) = r**3 - 5*r**2 + r + 7. Suppose -6*x = x - 7. Let w = 5 - x. Let p be g(w). Let v(q) = -q**2 - 7*q - 6. What is v(p)?
4
Let b(h) = 143*h + 137*h - 8 - 279*h. Suppose 728 = 3*p - 11*p. Let s = 98 + p. Give b(s).
-1
Let o(x) be the third derivative of -x**5/60 - 11*x**3/6 - 1736*x**2. Suppose 2*i + 7 = 4*k - 1, k = -4*i + 2. Determine o(i).
-11
Let a(k) = -2*k - 5*k - 12*k - 43 - 46*k**2 + 45*k**2. Calculate a(-18).
-25
Let u(p) = -p**3 - 12*p**2 - 12*p + 10. Let v(b) = b**3 - 6*b**2 - 19*b - 16. Let k be v(-2). What is u(k)?
-70
Let w(l) = l**3 + 2*l**2 + 16*l + 5. Let h be w(-6). Let y = h + 241. Let d(r) = -r**3 + 8*r**2 - 9*r. Calculate d(y).
18
Let h(b) = 2*b + 4*b - 7*b**2 - 2*b - 2. Suppose 26*q = 14*q + 240. Suppose q*n = -22*n + 84. Determine h(n).
-22
Suppose 4*q = 3*g + 41, -33 = 3*g + 5*q - 37. Let a(o) = 2*o**2 + 13*o - 24. Determine a(g).
-17
Let t(r) = 56*r - 2413. Let u be t(43). Let w(o) = -o**3 - 3*o**2 + 10*o - 4. Determine w(u).
-4
Let h(c) = c**3 + 7*c**2 + 6*c - 3. Let k(v) = -v**3 - 5*v**2 + v - 24. Let n be k(-6). Suppose 172 = -n*u - 146. Let l = u - -47. What is h(l)?
-3
Let i(o) = 70*o + 840. Suppose 38*x + 256 - 7 = -207. Determine i(x).
0
Let n(f) = -50*f + 112*f - 59*f + 31. Determine n(-15).
-14
Let x(c) = c**3 + 5*c**2 - 8*c - 9. Let a be 1/6 + 934/12. Suppose -14*r + a = -27*r. Calculate x(r).
3
Let o(w) = -w**3 - 14*w**2 + 14*w + 13. Suppose -28*k = -29*k - 7*b - 1, 37 = -3*k - 4*b. Determine o(k).
28
Let k(o) = 5*o**2 - 535*o + 3. Let i be k(107). Let b(y) be the second derivative of y**2 + 1/20*y**5 + 0*y**i - 30*y - 7/12*y**4 + 0. What is b(7)?
2
Let m(o) = o**2 + 4*o + 4. Let q be 5/((-5)/3) + 59. Suppose -3*l + q = -10*l. What is m(l)?
36
Let b(q) = q**2 + q - 1. Let w(p) = -7*p**2 + 2*p + 5. Let l = 57 - 54. Suppose -4*j - 1 = -l*j. Let s(f) = j*w(f) - 6*b(f). Calculate s(6).
-11
Let t(c) = -3*c**2 + 27*c - 35. Let s(q) = q**3 - 4*q**2 + 2*q. Let b be s(3). Let r(k) = -k**2 + 9*k - 12. Let x(z) = b*t(z) + 8*r(z). Determine x(7).
-5
Suppose -32*f = -37*f + 45. Let r(o) be the second derivative of -o**4/12 + 5*o**3/3 - 7*o**2/2 + o + 47. Give r(f).
2
Let n(b) be the third derivative of -b**6/120 - 23*b**5/60 - b**4 - 17*b**3/2 + 31*b**2 - 20*b + 2. What is n(-22)?
-7
Let k = -139 + 143. Suppose -2*n - k = 2. Let z(c) = c**2 + c + 1. Calculate z(n).
7
Let w = 88 - -55. Let x = w + -43. Suppose -104*t - 28 = -x*t. Let o(l) = -l**2 - 10*l - 6. Calculate o(t).
15
Let m be 0/(14/(-6)*3). Let j(y) be the second derivative of 3/2*y**2 - 14*y + m - 1/6*y**3. Calculate j(-5).
8
Let o be (-6 - 3/(-1))*(-8 + (-208)/(-24)). Let i(r) be the second derivative of r**4/12 + r**3/6 - r**2 - 3*r. Calculate i(o).
0
Let r(w) = -46*w - 316. Let i(q) = -6*q - 45. Let t(a) = 22*i(a) - 3*r(a). Determine t(10).
18
Let k(b) = -2*b**2 - 9*b - 4. Suppose 10*i - 290 = 1410. Let a = i - 176. Give k(a).
-22
Let n(r) = -2*r**3 - r**2 - 6*r + 4. Let j(h) = h**3 - h**2 - 1. Let c(i) = -3*j(i) - n(i). Suppose -16*v + 54 = -44 + 18. Give c(v).
4
Let w(p) = -100*p - 238. Let f(d) = 49*d + 123. Let u(v) = -9*f(v) - 4*w(v). What is u(-4)?
9
Let b(l) = -l**3 + 4*l**2 + 9*l - 6. Suppose 0 = -43635*z + 43621*z + 70. Give b(z).
14
Let w(x) = x**2 + 5*x. Let d(i) = 4*i**2 + 13*i + 14. Let v(n) = d(n) - 5*w(n). What is v(1)?
1
Let o(d) be the first derivative of 3*d**2/2 + 95*d + 7545. W